
1
Suppose -3*x - 2*x = -90. Let v = 7 - x. Let s = v - -22. What is the units digit of s?
1
Suppose g - 13 = 6. What is the tens digit of g?
1
Let l be (-5*(-2)/2)/1. Suppose -4*d - 4*o + 44 = -d, l*o - 25 = 0. What is the units digit of d?
8
Suppose 0 = 4*d - 3*w - 15, -1 - 1 = -2*d - 4*w. Let q(g) = -g - d + 2 - 4 - g. What is the units digit of q(-9)?
3
Let l be (8/3)/(4/(-6)). Suppose 0 = n + 5. What is the units digit of (l/n)/((-2)/(-20))?
8
Let j = 16 + 43. What is the units digit of j?
9
Let v(w) = -w**3 + 5*w**2 + 7*w - 4. What is the tens digit of v(5)?
3
Let p = 2 - -1. Suppose 5*b + y + p*y = 31, -3*b + 3*y = 3. Suppose 2*k + 2*a = 2, 6 = 5*k + a - b. What is the units digit of k?
2
Suppose 5*f - 53 = 392. Let n = f + -56. What is the tens digit of n?
3
Let j(r) = -44*r - 19. What is the tens digit of j(-5)?
0
Let g(b) = b**2 - 7*b - 5. Let w be 0/((3 - 0) + 0). Suppose -j - 4*z = -w + 12, -5*j + 2*z = -50. What is the units digit of g(j)?
3
Let o(i) = -4*i**2 - 11*i - 7. Let k(n) = -9*n**2 - 23*n - 14. Let r(x) = -6*k(x) + 13*o(x). What is the units digit of r(5)?
8
Suppose 3*z = -3*b + 498, b - 2*z - 44 = 116. What is the hundreds digit of b?
1
Let s(b) = b**2 - 4*b - 3. Let v be s(6). Suppose 0 = 2*h - v + 3. Suppose -h*f = f - 4*c - 36, f + 7 = -3*c. What is the units digit of f?
5
Let z be (0 + 2)*28/(-8). Let r = 14 + z. Suppose r*t - 25 = 2*t. What is the units digit of t?
5
Let u be (1 - 10/2)/(-2). Let m(z) = u + z - z**2 + 3 + 1. What is the units digit of m(0)?
6
Let j = -56 + 61. What is the units digit of j?
5
Let s(h) = -6*h**3 - 2*h**2 + 4*h - 1. Let n(c) = 5*c**3 + 2*c**2 - 5*c + 1. Let u(o) = -2*n(o) - 3*s(o). What is the units digit of u(1)?
9
Let o = 3 - 3. Suppose o*c = c - 17. What is the units digit of c?
7
Let z(c) = -2*c. Let m(s) = -s**3 - 7*s**2 - 6*s + 8. Let n be m(-6). Let i = 3 - n. What is the units digit of z(i)?
0
Suppose -14 = -p - 2. Let q be 2/4 - 10/(-4). Suppose 2*r + 28 = 5*f - r, 3*r = q*f - p. What is the units digit of f?
8
Suppose d + y - 25 = 0, -2*y - 12 = -d + 4. Let v = d - 13. What is the units digit of v?
9
Let q(d) = 11*d**2 + 3*d + 2. Let s be q(-2). Let o = s - 8. Suppose -5*b + 77 = o. What is the units digit of b?
9
What is the units digit of (-6)/(-8) + 50/8?
7
Let u(c) = c**3 + 6*c**2 + 6*c + 5. Suppose w + n - 15 = -3*n, 15 = -2*w + n. Let b be u(w). Suppose -4 = -2*k - b. What is the units digit of k?
2
Let y(s) = -3 - 10*s + 4 + s**2 + 11*s. What is the units digit of y(-2)?
3
Let c = -34 - -54. What is the units digit of c?
0
Let j(r) = 3*r + 9. Suppose f - 22 = -f - l, 4*f - 58 = 5*l. What is the units digit of j(f)?
5
Suppose 5*g - 4*y - 84 = g, 5*g + 2*y - 105 = 0. What is the tens digit of g?
2
Suppose -4*x + 10 + 8 = -a, 3 = 4*a - x. Let j = a - 1. Suppose 0 = 4*r - 7 - j. What is the units digit of r?
2
What is the tens digit of 5605/57 - (1 + (-5)/3)?
9
Suppose 9 - 27 = 3*w. Let c = w + 5. What is the units digit of (-1)/c + 6 - 1?
6
Suppose -4 = -o - j, 0*o + 2*j = 5*o + 1. What is the units digit of o?
1
Let h = 18 + 8. Let y be (h/6)/((-7)/(-21)). Let w = y + -3. What is the tens digit of w?
1
Suppose 5*m - 5*z - 120 = 0, 93 = m + 3*m - 3*z. What is the tens digit of m?
2
Let h = -20 - -19. Suppose 30 = 4*t - 10. Let m = h + t. What is the units digit of m?
9
What is the tens digit of ((-6)/9)/(4/(-126))?
2
Suppose -5*u = 12 + 3, -5*u = -4*r + 19. Suppose -4*o - 11 = r. Let h = 6 + o. What is the units digit of h?
3
Let f(b) = -b**2 + 6*b - 2. Let n be f(4). Suppose -4*z - 26 = -n*z. Suppose 3*t = -3*q + 21, 0*q + q = -4*t + z. What is the units digit of t?
2
Suppose 3*p - 5*v = 4*p - 39, p = 4*v + 21. What is the tens digit of p?
2
Let u = -257 + 376. What is the tens digit of u?
1
Let r = 1 + -2. Let q be r/4 + (-4)/(-16). What is the tens digit of (96/2)/3 - q?
1
Let t(x) = -x**2 - 9*x - 7. What is the units digit of t(-7)?
7
Let d(n) = -76*n - 1. Let o be d(-1). Suppose -3 = 3*b - o. What is the tens digit of b?
2
Let j = 75 + -22. Suppose 0 = -5*g - 7*l + 4*l + j, 5*g - 61 = -l. What is the units digit of g?
3
Let t = -1 - -4. Let p be 3 + (5 - 0) - 2. What is the units digit of p/8 + t/12?
1
Suppose 18*n - 4437 = n. What is the tens digit of n?
6
Let y = -32 + 52. What is the units digit of y?
0
Suppose -d = 2*x - 51, 4*d - x = 244 - 76. What is the units digit of d?
3
Let b(i) = 30*i. What is the tens digit of b(6)?
8
Suppose -b - 14 = -3*b. Suppose -4*d = -b*t + 2*t, -2*d = -4*t + 6. Suppose 0 = v - 5*h + 10 - 1, d*v - 4*h = 39. What is the units digit of v?
1
Let a be -3 + (-3)/(12/(-112)). Let w = 10 + a. What is the tens digit of w?
3
Let t(c) = 3*c - 4. Let g(v) = -v - 1 - v + 5. Let i(d) = -6*g(d) - 5*t(d). What is the units digit of i(-3)?
5
Suppose 90*q + 888 = 96*q. What is the hundreds digit of q?
1
Let v be (-4)/2*2/(-4). Let f be (-2 + 3)/v*-1. Let y = f + 9. What is the units digit of y?
8
Suppose -4*x + 5*j = -123, 5*x - 158 = j + j. What is the tens digit of x?
3
Let c = 1 + 2. What is the units digit of c?
3
Suppose 0 = -2*w + w + 14. What is the units digit of w?
4
Let u(d) = 3*d + 2 + 2*d**2 + 4*d**2 + 0*d**3 + 0*d**2 + d**3. What is the tens digit of u(-4)?
2
Suppose 0 = -3*x + 6*x + 30. What is the tens digit of (8/(-6))/(x/105)?
1
Suppose 33 = 37*n - 36*n. What is the tens digit of n?
3
Suppose -42 = 3*h - 3*n, -64 = 3*h + 2*h - 3*n. Let o = -7 - h. Suppose 0 = 5*b + 3*c + o, 2*b - 2*c = -5*c - 7. What is the units digit of b?
1
Let j(g) = -6*g - 82. What is the units digit of j(-28)?
6
Let u = -4 + 5. What is the tens digit of (u - -1)/((-2)/(-20))?
2
Let h be (-12)/8*(1 + -3). Suppose y + 10 = h*y. What is the units digit of y?
5
Let q = 5 + -1. Suppose -s - q*s = -25. What is the units digit of s?
5
Let o(s) = -2 - 3*s - 4*s + 1. Let g be (-2)/(-12) - 7/6. What is the units digit of o(g)?
6
Let h be 2*1/2*0. What is the units digit of (-2 - h)*22/(-4)?
1
Suppose 5*t - 311 = 1054. What is the units digit of t?
3
Let x = 84 + -41. What is the units digit of x?
3
Let j = 6 + 51. What is the units digit of j?
7
Let r be (2 - 4)/(2/4). What is the units digit of 9/7 + r/14?
1
Let x(a) = -1 + a + 2*a - 1 + a**2. Let z be x(-3). What is the units digit of ((-3)/(-6))/(z/(-20))?
5
Let y(p) = -p**3 + 6 - 15*p**2 - 4 + 3*p**2 - 16*p. What is the units digit of y(-11)?
7
Let l be 38*(1 - (1 + -1)). Suppose -o = -4*w + 157, -2*o + o + l = w. What is the units digit of w?
9
Suppose -m = m - 50. What is the tens digit of m?
2
Let r(o) = 4*o. Let x be r(-1). What is the units digit of (22/(-4))/(2/x)?
1
Let f = 219 + -84. What is the units digit of f?
5
Suppose 5*y = 689 + 996. What is the hundreds digit of y?
3
Suppose -505 = -3*n - 5*m, 2*m + 0*m = -n + 167. What is the tens digit of n?
7
Suppose -4 - 4 = j. Let o be ((-9)/(-12))/((-2)/j). Suppose 0 = 2*x + 3*f + 5, -o*x + f = -0*f - 9. What is the units digit of x?
2
Suppose 2*z - 7*z = 5*p - 1810, -z = -p + 372. What is the hundreds digit of p?
3
Suppose 2*w + d = -2*d + 7, 0 = -3*w + 2*d - 9. Let h = w - -3. What is the units digit of h?
2
Suppose 2*l + 107 + 13 = 0. Let s be (2/4)/((-2)/l). What is the units digit of -1*s/(-3)*1?
5
Suppose -2 = -3*u + 7. Suppose -4*a = 3*s - a - u, s - 3*a - 5 = 0. Let n = 18 + s. What is the units digit of n?
0
Let q = -103 + 111. What is the units digit of q?
8
Let s(g) be the third derivative of -5*g**4/12 + g**2. What is the units digit of s(-2)?
0
Suppose 0 = -2*j + 6*j + 52. Let b = j + 23. What is the units digit of b?
0
Let d = 16 + -9. Let b be (2 - 1)*(d + -5). Suppose -38 = -b*j - 8. What is the units digit of j?
5
Let z = -31 - -45. What is the tens digit of z?
1
Suppose 53 = 5*n - 17. Suppose l + 0*k = 2*k + n, 0 = -4*k - 4. What is the units digit of l?
2
Let k(b) be the third derivative of b**5/20 + 3*b**4/8 - b**3/3 - 3*b**2. What is the units digit of k(-4)?
0
Suppose -22 = -2*l - 5*y, l + 4*l - y - 1 = 0. What is the units digit of -1*l/2*-26?
3
Let d = 688 + -448. What is the tens digit of d?
4
Suppose h + 5 = -4*f - 4, 6 = 2*h. Let u(k) = -10*k. What is the tens digit of u(f)?
3
Let s(a) = -22*a + 28. What is the hundreds digit of s(-6)?
1
Suppose y - 2*i = 4*y + 8, 5*y - 8 = 2*i. Let g = y + 12. Suppose -c + 2*x = 4*c - 33, 0 = 3*x